rs of f?
1051
Let w be (12 - -849) + -1 + 1 + 4. Suppose -5*s - 15 = 0, -15*s + 16*s = -4*d + w. List the prime factors of d.
7, 31
Let d = -711 + 1275. Let c = -197 + d. List the prime factors of c.
367
Let y = -58 + 59. Let r(w) = 7*w - 1. Let t be r(y). List the prime factors of 92/t*(-63)/(-6).
7, 23
Let r = 6473 + 7564. What are the prime factors of r?
3, 4679
Suppose 87 = 4*z + 71. List the prime factors of (-1722)/(-2) - 6/(-7 + z).
863
Let u be (-412)/721 + 2*(-24)/14. Let c(k) = -k**3 + k**3 + 2*k - 3*k**3 - 7 - 4*k**2. List the prime factors of c(u).
113
Suppose 0*m - 20 = 5*m. Let s be (-3)/(-6) - (-2)/m. Suppose c - l = 0, c + 2*c - 4*l + 5 = s. What are the prime factors of c?
5
Let w(a) = -35*a + 36. Let b be w(10). Let d = b - -693. What are the prime factors of d?
379
Suppose 129*n - 4603218 + 151341 = 18*n. What are the prime factors of n?
3, 29, 461
Suppose -8*y + 306 = 82. Let g(a) = 12*a - 147. What are the prime factors of g(y)?
3, 7
Let y = -273 + 415. Let v(b) = 17*b + 90. Let r be v(-5). Suppose 2*t - 4*f = 104, r*f - 36 = -3*t + y. What are the prime factors of t?
2, 7
Suppose -7*z + 25 - 4 = 0. Suppose -403 = -h - z*x, -3*h = -4*x - 712 - 484. What are the prime factors of h?
2, 5
Let f(n) = 35*n - 12. Let j be ((-6)/4)/(147/(-392)). List the prime factors of f(j).
2
Let s(k) = 2*k + 16. Let y be s(-8). Suppose -3*o - 3*q + 2*q = y, 3*q = 4*o. Suppose -10*l + 19*l - 405 = o. List the prime factors of l.
3, 5
Suppose -36*m = -30*m + 36. What are the prime factors of (-8)/(-12) + 1/(m/(-1820))?
2, 19
Suppose -557 - 610 = -d + 2*q, 0 = -4*d + q + 4640. Let z = d + -639. What are the prime factors of z?
2, 5, 13
Let l(x) be the first derivative of 33*x**3 - 12*x**2 - 77*x + 258. What are the prime factors of l(-4)?
7, 229
Let a(m) = 152*m**2 - 39*m - 90. What are the prime factors of a(-10)?
2, 5, 31
Let q be (-4)/10 - 42136/(-40). Suppose -5*m + 2132 = -q. Suppose -9*d + 281 + m = 0. What are the prime factors of d?
2, 3, 17
Let g be (-18)/15*5*-1. Let r(i) = 2*i**3 - 2*i**2 + i - 11. Let j be r(4). Let b = g + j. What are the prime factors of b?
5, 19
Let g(l) = 21*l - 41. Let u(y) = -y**3 - 15*y**2 - 17*y - 33. Let k be u(-14). Let z be g(k). Suppose 3*i = -i + z. What are the prime factors of i?
37
Let k be (-42)/18 + (-1)/(-3). What are the prime factors of (k - 0)/(-2) - (-820)/2?
3, 137
Let l(b) = 4*b**3 + 21*b**2 - 9*b - 168. List the prime factors of l(13).
2, 23, 131
List the prime factors of (-8)/6*(-1286 + -166).
2, 11
What are the prime factors of -18*-3*(-56)/(-378) + 44032?
2, 3, 5, 367
Suppose y - 12 = 4*n, 0*y - 5*y - 2*n + 16 = 0. Suppose f - 2*f + w = -58, -195 = -3*f - y*w. What are the prime factors of f?
61
What are the prime factors of (3172/(-10))/((-18)/495)?
11, 13, 61
Suppose 0 = -3*a - 15, -19976 = -3*l + a + 11094. Suppose -13*v + 6467 = -l. List the prime factors of v.
2, 647
What are the prime factors of (-104)/(-10) - (248 + -238) - (-94963)/5?
3, 13, 487
Let r = 17353 + 13564. What are the prime factors of r?
43, 719
Let w(z) be the first derivative of 2*z**3/3 - 57*z**2/2 - 75*z + 119. What are the prime factors of w(-18)?
3, 13, 41
Let c = -50 - -64. Let g be (-108)/(c/44 - 1/2). Suppose -3*u = i - 203, -4*i + i + g = 4*u. List the prime factors of i.
2, 97
Let s be (179/(-179))/(((-4)/(-2))/(-6)). Suppose -4*w - s*t + 631 = 0, 108 = 5*w - 3*t - 701. What are the prime factors of w?
2, 5
Let r = 67 + -95. Let k = -25 - r. Suppose 2*q = -4*n + 182, -k*q + n + 281 = -n. What are the prime factors of q?
3, 31
Suppose 4*p - 3*j - 10 + 35 = 0, 6 = 2*j. What are the prime factors of (-38)/((-18)/12*p/(-6))?
2, 19
Let r = -185 + 2594. List the prime factors of r.
3, 11, 73
What are the prime factors of (-7305)/2*(397 - 401)?
2, 3, 5, 487
Let b(l) = 5*l - 8. Let i be b(2). Suppose -i*z + 994 = 4*v, -5*v - 6*z + z = -1230. List the prime factors of v.
251
Let g(b) = -4*b - 10. Let l be g(-2). List the prime factors of 159/l*(-96)/18 + 2.
2, 3, 71
Suppose -2*v + 1 - 9 = 0. What are the prime factors of 12*(-2)/(-16) + (-574)/v?
5, 29
Let t(b) = -102*b + 18. Let o be t(-4). What are the prime factors of (-4 - -5)/(1/o)?
2, 3, 71
Let v = 83 - 36. Let l = v - 44. Suppose 0 = l*x + 2*s - 341, 2*s - 4*s = -4*x + 478. What are the prime factors of x?
3, 13
Suppose -r + 1131 = 3*b - 4185, 0 = -b - 1. List the prime factors of r.
3, 197
Suppose 36*v + 91*v - 45720 = 0. What are the prime factors of v?
2, 3, 5
Let y be 3/(2 + 1 + -2). Suppose 0 = -3*u - 15*u. Suppose -2*t - y*t + 370 = u. What are the prime factors of t?
2, 37
Suppose -4*w = -4*r + 25792, 4*r = 2*w + 17331 + 8453. What are the prime factors of r?
2, 3, 179
Let z(v) = 6*v**3 + 13*v**2 - 10*v + 15. Let g be z(7). Suppose -17*h = -5*h - g. What are the prime factors of h?
2, 5, 11
What are the prime factors of -6 - ((-14891)/(-5))/(5/(-25))?
5, 13, 229
Let b be (12/(-16))/((-12)/80). Suppose 0*z + 5*z = b*k - 115, 3*k = -z + 69. What are the prime factors of k?
23
Let r(i) = -10915*i + 1207. List the prime factors of r(-2).
3, 7, 1097
Let c(i) = i + 724. What are the prime factors of c(28)?
2, 47
Let u(y) = -1092*y + 6. Let g be u(-5). Suppose -43*n + 46177 = -g. List the prime factors of n.
1201
Let m(q) = 26*q**2 - 10*q + 27. Let a be m(8). Suppose 0 = g + 2*y - 808, -2*g - y = 2*y - a. What are the prime factors of g?
2, 3, 7, 19
Let c(q) = 62*q**3 - q**2 - 37*q + 403. What are the prime factors of c(9)?
73, 619
Suppose 0 = 3*l - 4*w - 23, 3*l - 2*l + 5 = -5*w. Suppose -3*b = l*h - 1719, -1014 = -3*h + b + 3*b. Suppose 7*m - h = 64. List the prime factors of m.
2, 29
Suppose -5*v + 14 + 46 = 0. Let p be (1 - -17)/(v/(-5) + 2). Let n = 66 + p. What are the prime factors of n?
3, 7
Suppose -4869 = 4*m - 38379 - 8658. List the prime factors of m.
2, 3, 7, 251
Let y(a) = 173*a - 35. Let v(b) = 518*b - 106. Let d(l) = -2*v(l) + 7*y(l). Let k be d(6). Suppose k = 7*n + 338. What are the prime factors of n?
97
Let f be (-6)/33 - (-3824)/(-22). Suppose -90 = 2*v - 750. Let a = v + f. List the prime factors of a.
2, 3, 13
Suppose -9 = -3*o - 2*c, 0 = -12*c + 15*c. Let a(m) = 2 - 8 - 2 + 14*m. List the prime factors of a(o).
2, 17
Suppose 4*i - 6*i + 14860 = 2*p, -5*i + 2*p + 37164 = 0. What are the prime factors of i?
2, 929
Let y = 11507 - -6052. What are the prime factors of y?
3, 1951
Suppose 17*i = 15*i - 364. Let k = 324 + i. What are the prime factors of k?
2, 71
Let i(b) = -7*b**2 + 33*b + 243. Let h(t) = -8*t**2 + 34*t + 243. Let g(q) = 3*h(q) - 4*i(q). List the prime factors of g(-12).
3, 7, 11
Suppose 0 = -5*d + 4*d - 3. Let b be 1/d - (3 - (-40)/(-12)). Suppose 5*r - 3*s = 70, 0 = 3*r + s - b*s - 56. List the prime factors of r.
17
Suppose 2*h - 7*z = -12*z + 167, 404 = 5*h - z. Let f = h + 178. List the prime factors of f.
7, 37
Let b be (-1 + -9 - -14) + 0 + -73. Let v = b - -314. List the prime factors of v.
5, 7
Let n = -110 + 148. Suppose -15*w + n*w = 16698. What are the prime factors of w?
2, 3, 11
Let n(z) = -z**3 - 87*z**2 + 43*z + 220. List the prime factors of n(-89).
5, 2447
Let h be (-1 - (-1)/(-3))*-123. Let g = 216 - 120. Let d = h - g. List the prime factors of d.
2, 17
Let v(k) = -k**3 + k**2 - 2*k + 5. Let y be v(0). Let n(z) = 7*z**2 + 4*z**2 + 16 - y*z**2 + 13*z - 4*z. List the prime factors of n(-3).
43
Let w be ((-180)/8)/(3/(-4)). What are the prime factors of 6/w - ((-3748)/10 + -1)?
2, 47
Suppose -110*b = -108*b - 18. Let h(l) = l**3 - 2*l**2 - 2*l + 36. What are the prime factors of h(b)?
3, 5, 13
Suppose -4*n = 10*n + 742. Let o = 140 + n. What are the prime factors of o?
3, 29
Let z(x) = x**3 - 5*x - 2. Let l be z(0). Let y(m) = 63*m**2 - 9*m - 20. List the prime factors of y(l).
2, 5
Let n = 65 - 37. Suppose n*r = 29*r - 182. List the prime factors of r.
2, 7, 13
Let u(o) be the third derivative of o**6/30 + o**5/30 + o**4/12 + 3*o**3/2 - 122*o**2. What are the prime factors of u(5)?
569
Let b = 5225 - -1892. What are the prime factors of b?
11, 647
Let j(q) = 11*q**3 - 12*q**2 - 5*q + 17. Let f be j(5). Let r = 2086 - f. List the prime factors of r.
1019
Let p(s) = 5 - 46*s - 24 + 49*s. Let g be p(7). Suppose -483 = g*x - 9*x. What are the prime factors of x?
3, 23
Let n(m) = -m**3 + 2. Let y(j) = -5*j*